Last updated on 2020-10-11 01:47:34 CEST.
Flavor | Version | Tinstall | Tcheck | Ttotal | Status | Flags |
---|---|---|---|---|---|---|
r-devel-linux-x86_64-debian-clang | 0.1.4 | 85.90 | 43.16 | 129.06 | OK | |
r-devel-linux-x86_64-debian-gcc | 0.1.4 | 59.26 | 32.42 | 91.68 | OK | |
r-devel-linux-x86_64-fedora-clang | 0.1.4 | 208.76 | NOTE | |||
r-devel-linux-x86_64-fedora-gcc | 0.1.4 | 169.58 | OK | |||
r-devel-windows-ix86+x86_64 | 0.1.4 | 205.00 | 88.00 | 293.00 | OK | |
r-patched-linux-x86_64 | 0.1.4 | 78.97 | 41.41 | 120.38 | OK | |
r-patched-solaris-x86 | 0.1.4 | 165.00 | OK | |||
r-release-linux-x86_64 | 0.1.4 | 78.81 | 40.57 | 119.38 | OK | |
r-release-macos-x86_64 | 0.1.4 | NOTE | ||||
r-release-windows-ix86+x86_64 | 0.1.4 | 169.00 | 117.00 | 286.00 | OK | |
r-oldrel-macos-x86_64 | 0.1.4 | NOTE | ||||
r-oldrel-windows-ix86+x86_64 | 0.1.4 | 196.00 | 71.00 | 267.00 | OK |
Version: 0.1.4
Check: installed package size
Result: NOTE
installed size is 6.8Mb
sub-directories of 1Mb or more:
libs 3.6Mb
Flavors: r-devel-linux-x86_64-fedora-clang, r-release-macos-x86_64, r-oldrel-macos-x86_64