Last updated on 2020-10-11 01:47:34 CEST.
Flavor | Version | Tinstall | Tcheck | Ttotal | Status | Flags |
---|---|---|---|---|---|---|
r-devel-linux-x86_64-debian-clang | 0.2.1 | 15.74 | 141.06 | 156.80 | OK | |
r-devel-linux-x86_64-debian-gcc | 0.2.1 | 13.10 | 106.21 | 119.31 | OK | |
r-devel-linux-x86_64-fedora-clang | 0.2.1 | 211.38 | NOTE | |||
r-devel-linux-x86_64-fedora-gcc | 0.2.1 | 192.90 | NOTE | |||
r-devel-windows-ix86+x86_64 | 0.2.1 | 34.00 | 161.00 | 195.00 | OK | |
r-patched-linux-x86_64 | 0.2.1 | 12.49 | 129.76 | 142.25 | OK | |
r-patched-solaris-x86 | 0.2.1 | 270.90 | NOTE | |||
r-release-linux-x86_64 | 0.2.1 | 15.99 | 130.98 | 146.97 | OK | |
r-release-macos-x86_64 | 0.2.1 | NOTE | ||||
r-release-windows-ix86+x86_64 | 0.2.1 | 24.00 | 146.00 | 170.00 | OK | |
r-oldrel-macos-x86_64 | 0.2.1 | NOTE | ||||
r-oldrel-windows-ix86+x86_64 | 0.2.1 | 29.00 | 111.00 | 140.00 | OK |
Version: 0.2.1
Check: dependencies in R code
Result: NOTE
Namespace in Imports field not imported from: ‘methods’
All declared Imports should be used.
Flavors: r-devel-linux-x86_64-fedora-clang, r-devel-linux-x86_64-fedora-gcc, r-patched-solaris-x86, r-release-macos-x86_64, r-oldrel-macos-x86_64