Last updated on 2020-10-11 01:47:34 CEST.
Flavor | Version | Tinstall | Tcheck | Ttotal | Status | Flags |
---|---|---|---|---|---|---|
r-devel-linux-x86_64-debian-clang | 0.1.0 | 6.48 | 56.63 | 63.11 | OK | |
r-devel-linux-x86_64-debian-gcc | 0.1.0 | 5.10 | 43.07 | 48.17 | OK | |
r-devel-linux-x86_64-fedora-clang | 0.1.0 | 90.25 | NOTE | |||
r-devel-linux-x86_64-fedora-gcc | 0.1.0 | 76.08 | NOTE | |||
r-devel-windows-ix86+x86_64 | 0.1.0 | 16.00 | 64.00 | 80.00 | OK | |
r-patched-linux-x86_64 | 0.1.0 | 6.28 | 53.22 | 59.50 | OK | |
r-patched-solaris-x86 | 0.1.0 | 108.40 | NOTE | |||
r-release-linux-x86_64 | 0.1.0 | 6.27 | 52.89 | 59.16 | OK | |
r-release-macos-x86_64 | 0.1.0 | NOTE | ||||
r-release-windows-ix86+x86_64 | 0.1.0 | 11.00 | 87.00 | 98.00 | OK | |
r-oldrel-macos-x86_64 | 0.1.0 | NOTE | ||||
r-oldrel-windows-ix86+x86_64 | 0.1.0 | 13.00 | 55.00 | 68.00 | OK |
Version: 0.1.0
Check: dependencies in R code
Result: NOTE
Namespaces in Imports field not imported from:
‘MASS’ ‘devEMF’ ‘segmented’ ‘smoother’ ‘tools’
All declared Imports should be used.
Flavors: r-devel-linux-x86_64-fedora-clang, r-devel-linux-x86_64-fedora-gcc, r-patched-solaris-x86, r-release-macos-x86_64, r-oldrel-macos-x86_64