CRAN Package Check Results for Package telefit

Last updated on 2020-10-11 01:47:35 CEST.

Flavor Version Tinstall Tcheck Ttotal Status Flags
r-devel-linux-x86_64-debian-clang 1.0.3 258.60 160.11 418.71 OK
r-devel-linux-x86_64-debian-gcc 1.0.3 198.46 121.37 319.83 OK
r-devel-linux-x86_64-fedora-clang 1.0.3 532.15 NOTE
r-devel-linux-x86_64-fedora-gcc 1.0.3 563.74 OK
r-devel-windows-ix86+x86_64 1.0.3 604.00 298.00 902.00 NOTE
r-patched-linux-x86_64 1.0.3 234.57 149.94 384.51 OK
r-patched-solaris-x86 1.0.3 509.60 OK
r-release-linux-x86_64 1.0.3 229.81 150.12 379.93 OK
r-release-macos-x86_64 1.0.3 NOTE
r-release-windows-ix86+x86_64 1.0.3 445.00 268.00 713.00 NOTE
r-oldrel-macos-x86_64 1.0.3 NOTE
r-oldrel-windows-ix86+x86_64 1.0.3 509.00 214.00 723.00 NOTE

Check Details

Version: 1.0.3
Check: installed package size
Result: NOTE
     installed size is 20.2Mb
     sub-directories of 1Mb or more:
     data 2.4Mb
     libs 17.5Mb
Flavors: r-devel-linux-x86_64-fedora-clang, r-devel-windows-ix86+x86_64, r-release-macos-x86_64, r-release-windows-ix86+x86_64, r-oldrel-macos-x86_64, r-oldrel-windows-ix86+x86_64