Last updated on 2020-10-11 01:47:35 CEST.
Flavor | Version | Tinstall | Tcheck | Ttotal | Status | Flags |
---|---|---|---|---|---|---|
r-devel-linux-x86_64-debian-clang | 0.1.1 | 2.11 | 36.63 | 38.74 | OK | |
r-devel-linux-x86_64-debian-gcc | 0.1.1 | 1.64 | 27.57 | 29.21 | OK | |
r-devel-linux-x86_64-fedora-clang | 0.1.1 | 58.13 | NOTE | |||
r-devel-linux-x86_64-fedora-gcc | 0.1.1 | 45.31 | NOTE | |||
r-devel-windows-ix86+x86_64 | 0.1.1 | 6.00 | 45.00 | 51.00 | OK | |
r-patched-linux-x86_64 | 0.1.1 | 2.25 | 34.31 | 36.56 | OK | |
r-patched-solaris-x86 | 0.1.1 | 61.70 | NOTE | |||
r-release-linux-x86_64 | 0.1.1 | 2.16 | 33.69 | 35.85 | OK | |
r-release-macos-x86_64 | 0.1.1 | NOTE | ||||
r-release-windows-ix86+x86_64 | 0.1.1 | 6.00 | 64.00 | 70.00 | OK | |
r-oldrel-macos-x86_64 | 0.1.1 | NOTE | ||||
r-oldrel-windows-ix86+x86_64 | 0.1.1 | 4.00 | 42.00 | 46.00 | OK |
Version: 0.1.1
Check: dependencies in R code
Result: NOTE
Namespace in Imports field not imported from: ‘tidyr’
All declared Imports should be used.
Flavors: r-devel-linux-x86_64-fedora-clang, r-devel-linux-x86_64-fedora-gcc, r-patched-solaris-x86, r-release-macos-x86_64, r-oldrel-macos-x86_64