CRAN Package Check Results for Package tlrmvnmvt

Last updated on 2020-10-11 01:47:35 CEST.

Flavor Version Tinstall Tcheck Ttotal Status Flags
r-devel-linux-x86_64-debian-clang 1.1.0 242.52 39.74 282.26 OK
r-devel-linux-x86_64-fedora-clang 1.1.0 446.04 NOTE
r-devel-linux-x86_64-fedora-gcc 1.1.0 352.51 OK
r-devel-windows-ix86+x86_64 1.1.0 530.00 99.00 629.00 OK
r-patched-linux-x86_64 1.1.0 220.85 40.02 260.87 OK
r-patched-solaris-x86 1.1.0 279.00 OK
r-release-linux-x86_64 1.1.0 219.64 40.21 259.85 OK
r-release-macos-x86_64 1.1.0 NOTE
r-release-windows-ix86+x86_64 1.1.0 418.00 114.00 532.00 OK
r-oldrel-macos-x86_64 1.1.0 NOTE
r-oldrel-windows-ix86+x86_64 1.1.0 482.00 108.00 590.00 OK

Check Details

Version: 1.1.0
Check: installed package size
Result: NOTE
     installed size is 11.6Mb
     sub-directories of 1Mb or more:
     libs 11.5Mb
Flavors: r-devel-linux-x86_64-fedora-clang, r-release-macos-x86_64, r-oldrel-macos-x86_64