Last updated on 2020-10-11 01:47:35 CEST.
Flavor | Version | Tinstall | Tcheck | Ttotal | Status | Flags |
---|---|---|---|---|---|---|
r-devel-linux-x86_64-debian-clang | 1.4-10 | 12.74 | 103.86 | 116.60 | OK | |
r-devel-linux-x86_64-fedora-clang | 1.4-10 | 156.40 | NOTE | |||
r-devel-linux-x86_64-fedora-gcc | 1.4-10 | 139.14 | NOTE | |||
r-devel-windows-ix86+x86_64 | 1.4-10 | 27.00 | 151.00 | 178.00 | OK | |
r-patched-linux-x86_64 | 1.4-10 | 11.00 | 97.46 | 108.46 | OK | |
r-patched-solaris-x86 | 1.4-10 | 183.10 | OK | |||
r-release-linux-x86_64 | 1.4-10 | 11.31 | 96.25 | 107.56 | OK | |
r-release-macos-x86_64 | 1.4-10 | OK | ||||
r-release-windows-ix86+x86_64 | 1.4-10 | 21.00 | 188.00 | 209.00 | OK | |
r-oldrel-macos-x86_64 | 1.4-10 | OK | ||||
r-oldrel-windows-ix86+x86_64 | 1.4-10 | 23.00 | 125.00 | 148.00 | OK |
Version: 1.4-10
Check: compiled code
Result: NOTE
File ‘tmvtnorm/libs/tmvtnorm.so’:
Found no calls to: ‘R_registerRoutines’, ‘R_useDynamicSymbols’
It is good practice to register native routines and to disable symbol
search.
See ‘Writing portable packages’ in the ‘Writing R Extensions’ manual.
Flavors: r-devel-linux-x86_64-fedora-clang, r-devel-linux-x86_64-fedora-gcc