CRAN Package Check Results for Package tokenizers

Last updated on 2020-10-11 01:47:35 CEST.

Flavor Version Tinstall Tcheck Ttotal Status Flags
r-devel-linux-x86_64-debian-clang 0.2.1 28.57 40.59 69.16 OK
r-devel-linux-x86_64-debian-gcc 0.2.1 20.91 31.74 52.65 OK
r-devel-linux-x86_64-fedora-clang 0.2.1 109.28 NOTE
r-devel-linux-x86_64-fedora-gcc 0.2.1 89.27 NOTE
r-devel-windows-ix86+x86_64 0.2.1 69.00 82.00 151.00 OK
r-patched-linux-x86_64 0.2.1 25.87 39.53 65.40 OK
r-patched-solaris-x86 0.2.1 112.40 NOTE
r-release-linux-x86_64 0.2.1 27.41 39.02 66.43 OK
r-release-macos-x86_64 0.2.1 NOTE
r-release-windows-ix86+x86_64 0.2.1 56.00 97.00 153.00 OK
r-oldrel-macos-x86_64 0.2.1 NOTE
r-oldrel-windows-ix86+x86_64 0.2.1 75.00 69.00 144.00 OK

Check Details

Version: 0.2.1
Check: data for non-ASCII characters
Result: NOTE
     Note: found 1 marked UTF-8 string
Flavors: r-devel-linux-x86_64-fedora-clang, r-devel-linux-x86_64-fedora-gcc, r-patched-solaris-x86, r-release-macos-x86_64, r-oldrel-macos-x86_64