CRAN Package Check Results for Package trip

Last updated on 2020-10-11 01:47:35 CEST.

Flavor Version Tinstall Tcheck Ttotal Status Flags
r-devel-linux-x86_64-debian-clang 1.7.1 2.62 2.62 ERROR
r-devel-linux-x86_64-debian-gcc 1.7.1 2.01 2.01 ERROR
r-devel-linux-x86_64-fedora-clang 1.7.1 11.65 ERROR
r-devel-linux-x86_64-fedora-gcc 1.7.1 2.60 ERROR
r-devel-windows-ix86+x86_64 1.7.1 54.00 285.00 339.00 ERROR
r-patched-linux-x86_64 1.7.1 2.85 2.85 ERROR
r-patched-solaris-x86 1.7.1 5.50 ERROR
r-release-linux-x86_64 1.7.1 2.62 2.62 ERROR
r-release-macos-x86_64 1.7.1 OK
r-release-windows-ix86+x86_64 1.7.1 45.00 254.00 299.00 ERROR
r-oldrel-macos-x86_64 1.7.1 OK
r-oldrel-windows-ix86+x86_64 1.7.1 45.00 201.00 246.00 OK

Check Details

Version: 1.7.1
Check: package dependencies
Result: ERROR
    Package required but not available: 'reproj'
    
    See section 'The DESCRIPTION file' in the 'Writing R Extensions'
    manual.
Flavors: r-devel-linux-x86_64-debian-clang, r-devel-linux-x86_64-debian-gcc, r-devel-linux-x86_64-fedora-clang, r-devel-linux-x86_64-fedora-gcc, r-patched-linux-x86_64, r-patched-solaris-x86, r-release-linux-x86_64

Version: 1.7.1
Check: tests
Result: ERROR
     Running 'spelling.R' [0s]
     Running 'testthat.R' [31s]
    Running the tests in 'tests/testthat.R' failed.
    Complete output:
     > library(testthat)
     > library(trip)
     >
     > test_check("trip")
     -- 1. Failure: speedfilter and sdafilter works (@test-algos.R#27) -------------
     `speedfilter(tr, 20)` did not produce any warnings.
    
     -- 2. Failure: speedfilter and sdafilter works (@test-algos.R#29) -------------
     `expect_equal(expect_output(speedfilter(tr)), tr)` did not produce any warnings.
    
     -- 3. Error: angle calculation works (@test-algos.R#39) -----------------------
     no 'source' projection included, and does not look like longitude/latitude values
     Backtrace:
     1. testthat::expect_warning(trackAngle(tra))
     7. trip:::trackAngle.trip(tra)
     9. trip:::reproj.trip(x, .llproj())
     13. reproj:::reproj.matrix(xy, target = target, source = x@proj4string@projargs)
    
    
     Longitudes contain values greater than 180,
    
    
    
    
     Data fully validated: returning object of class trip
     == testthat results ===========================================================
     [ OK: 117 | SKIPPED: 0 | WARNINGS: 12 | FAILED: 3 ]
     1. Failure: speedfilter and sdafilter works (@test-algos.R#27)
     2. Failure: speedfilter and sdafilter works (@test-algos.R#29)
     3. Error: angle calculation works (@test-algos.R#39)
    
     Error: testthat unit tests failed
     Execution halted
Flavor: r-devel-windows-ix86+x86_64

Version: 1.7.1
Check: tests
Result: ERROR
     Running 'spelling.R' [0s]
     Running 'testthat.R' [27s]
    Running the tests in 'tests/testthat.R' failed.
    Complete output:
     > library(testthat)
     > library(trip)
     >
     > test_check("trip")
     -- 1. Failure: speedfilter and sdafilter works (@test-algos.R#27) -------------
     `speedfilter(tr, 20)` did not produce any warnings.
    
     -- 2. Failure: speedfilter and sdafilter works (@test-algos.R#29) -------------
     `expect_equal(expect_output(speedfilter(tr)), tr)` did not produce any warnings.
    
     -- 3. Error: angle calculation works (@test-algos.R#39) -----------------------
     no 'source' projection included, and does not look like longitude/latitude values
     Backtrace:
     1. testthat::expect_warning(trackAngle(tra))
     7. trip:::trackAngle.trip(tra)
     9. trip:::reproj.trip(x, .llproj())
     13. reproj:::reproj.matrix(xy, target = target, source = x@proj4string@projargs)
    
    
     Longitudes contain values greater than 180,
    
    
    
    
     Data fully validated: returning object of class trip
     == testthat results ===========================================================
     [ OK: 117 | SKIPPED: 0 | WARNINGS: 12 | FAILED: 3 ]
     1. Failure: speedfilter and sdafilter works (@test-algos.R#27)
     2. Failure: speedfilter and sdafilter works (@test-algos.R#29)
     3. Error: angle calculation works (@test-algos.R#39)
    
     Error: testthat unit tests failed
     Execution halted
Flavor: r-release-windows-ix86+x86_64