Last updated on 2020-10-11 01:47:35 CEST.
Flavor | Version | Tinstall | Tcheck | Ttotal | Status | Flags |
---|---|---|---|---|---|---|
r-devel-linux-x86_64-debian-clang | 0.1.0 | 10.23 | 69.22 | 79.45 | OK | |
r-devel-linux-x86_64-debian-gcc | 0.1.0 | 8.37 | 52.72 | 61.09 | OK | |
r-devel-linux-x86_64-fedora-clang | 0.1.0 | 105.42 | NOTE | |||
r-devel-linux-x86_64-fedora-gcc | 0.1.0 | 97.19 | NOTE | |||
r-devel-windows-ix86+x86_64 | 0.1.0 | 24.00 | 91.00 | 115.00 | OK | |
r-patched-linux-x86_64 | 0.1.0 | 8.93 | 63.85 | 72.78 | OK | |
r-patched-solaris-x86 | 0.1.0 | 128.00 | NOTE | |||
r-release-linux-x86_64 | 0.1.0 | 10.56 | 64.32 | 74.88 | OK | |
r-release-macos-x86_64 | 0.1.0 | NOTE | ||||
r-release-windows-ix86+x86_64 | 0.1.0 | 16.00 | 83.00 | 99.00 | OK | |
r-oldrel-macos-x86_64 | 0.1.0 | NOTE | ||||
r-oldrel-windows-ix86+x86_64 | 0.1.0 | 19.00 | 82.00 | 101.00 | OK |
Version: 0.1.0
Check: dependencies in R code
Result: NOTE
Namespaces in Imports field not imported from:
‘R6’ ‘crosstalk’
All declared Imports should be used.
Flavors: r-devel-linux-x86_64-fedora-clang, r-devel-linux-x86_64-fedora-gcc, r-patched-solaris-x86, r-release-macos-x86_64, r-oldrel-macos-x86_64