CRAN Package Check Results for Package units

Last updated on 2020-10-11 01:47:35 CEST.

Flavor Version Tinstall Tcheck Ttotal Status Flags
r-devel-linux-x86_64-debian-clang 0.6-7 25.39 58.85 84.24 OK
r-devel-linux-x86_64-debian-gcc 0.6-7 18.94 45.19 64.13 OK
r-devel-linux-x86_64-fedora-clang 0.6-7 127.46 OK
r-devel-linux-x86_64-fedora-gcc 0.6-7 105.53 OK
r-devel-windows-ix86+x86_64 0.6-7 54.00 109.00 163.00 NOTE
r-patched-linux-x86_64 0.6-7 23.80 56.50 80.30 OK
r-patched-solaris-x86 0.6-7 115.90 OK
r-release-linux-x86_64 0.6-7 22.80 56.80 79.60 OK
r-release-macos-x86_64 0.6-7 OK
r-release-windows-ix86+x86_64 0.6-7 41.00 140.00 181.00 NOTE
r-oldrel-macos-x86_64 0.6-7 OK
r-oldrel-windows-ix86+x86_64 0.6-7 50.00 90.00 140.00 OK

Check Details

Version: 0.6-7
Check: installed package size
Result: NOTE
     installed size is 5.2Mb
     sub-directories of 1Mb or more:
     doc 2.2Mb
     libs 2.6Mb
Flavors: r-devel-windows-ix86+x86_64, r-release-windows-ix86+x86_64