CRAN Package Check Results for Package univariateML

Last updated on 2020-10-11 01:47:35 CEST.

Flavor Version Tinstall Tcheck Ttotal Status Flags
r-devel-linux-x86_64-debian-clang 1.1.0 4.69 112.11 116.80 OK
r-devel-linux-x86_64-debian-gcc 1.1.0 4.28 77.02 81.30 OK
r-devel-linux-x86_64-fedora-clang 1.1.0 152.89 NOTE
r-devel-linux-x86_64-fedora-gcc 1.1.0 137.81 NOTE
r-devel-windows-ix86+x86_64 1.1.0 9.00 123.00 132.00 OK
r-patched-linux-x86_64 1.1.0 4.33 107.95 112.28 OK
r-patched-solaris-x86 1.1.0 203.80 NOTE
r-release-linux-x86_64 1.1.0 4.82 107.81 112.63 OK
r-release-macos-x86_64 1.1.0 NOTE
r-release-windows-ix86+x86_64 1.1.0 8.00 160.00 168.00 OK
r-oldrel-macos-x86_64 1.1.0 NOTE
r-oldrel-windows-ix86+x86_64 1.1.0 8.00 110.00 118.00 OK

Check Details

Version: 1.1.0
Check: dependencies in R code
Result: NOTE
    Namespaces in Imports field not imported from:
     ‘extraDistr’ ‘logitnorm’ ‘nakagami’ ‘tibble’
     All declared Imports should be used.
Flavors: r-devel-linux-x86_64-fedora-clang, r-devel-linux-x86_64-fedora-gcc, r-patched-solaris-x86, r-release-macos-x86_64, r-oldrel-macos-x86_64