Last updated on 2020-10-11 01:47:35 CEST.
Flavor | Version | Tinstall | Tcheck | Ttotal | Status | Flags |
---|---|---|---|---|---|---|
r-devel-linux-x86_64-debian-clang | 0.2.0 | 4.22 | 37.53 | 41.75 | OK | |
r-devel-linux-x86_64-debian-gcc | 0.2.0 | 5.15 | 29.64 | 34.79 | OK | |
r-devel-linux-x86_64-fedora-clang | 0.2.0 | 66.71 | NOTE | |||
r-devel-linux-x86_64-fedora-gcc | 0.2.0 | 55.22 | NOTE | |||
r-devel-windows-ix86+x86_64 | 0.2.0 | 11.00 | 47.00 | 58.00 | OK | |
r-patched-linux-x86_64 | 0.2.0 | 4.91 | 36.06 | 40.97 | OK | |
r-patched-solaris-x86 | 0.2.0 | 84.80 | NOTE | |||
r-release-linux-x86_64 | 0.2.0 | 5.48 | 36.77 | 42.25 | OK | |
r-release-macos-x86_64 | 0.2.0 | NOTE | ||||
r-release-windows-ix86+x86_64 | 0.2.0 | 10.00 | 66.00 | 76.00 | OK | |
r-oldrel-macos-x86_64 | 0.2.0 | NOTE | ||||
r-oldrel-windows-ix86+x86_64 | 0.2.0 | 11.00 | 42.00 | 53.00 | OK |
Version: 0.2.0
Check: data for non-ASCII characters
Result: NOTE
Note: found 4494 marked UTF-8 strings
Flavors: r-devel-linux-x86_64-fedora-clang, r-devel-linux-x86_64-fedora-gcc, r-patched-solaris-x86, r-release-macos-x86_64, r-oldrel-macos-x86_64