Last updated on 2020-10-11 01:47:35 CEST.
Flavor | Version | Tinstall | Tcheck | Ttotal | Status | Flags |
---|---|---|---|---|---|---|
r-devel-linux-x86_64-debian-clang | 0.0.1 | 12.48 | 107.77 | 120.25 | OK | |
r-devel-linux-x86_64-debian-gcc | 0.0.1 | 10.99 | 81.99 | 92.98 | OK | |
r-devel-linux-x86_64-fedora-clang | 0.0.1 | 131.62 | NOTE | |||
r-devel-linux-x86_64-fedora-gcc | 0.0.1 | 137.84 | NOTE | |||
r-devel-windows-ix86+x86_64 | 0.0.1 | 32.00 | 129.00 | 161.00 | OK | |
r-patched-linux-x86_64 | 0.0.1 | 11.79 | 99.65 | 111.44 | OK | |
r-patched-solaris-x86 | 0.0.1 | 185.40 | NOTE | |||
r-release-linux-x86_64 | 0.0.1 | 12.16 | 99.32 | 111.48 | OK | |
r-release-macos-x86_64 | 0.0.1 | NOTE | ||||
r-release-windows-ix86+x86_64 | 0.0.1 | 21.00 | 140.00 | 161.00 | OK | |
r-oldrel-macos-x86_64 | 0.0.1 | NOTE | ||||
r-oldrel-windows-ix86+x86_64 | 0.0.1 | 29.00 | 98.00 | 127.00 | OK |
Version: 0.0.1
Check: dependencies in R code
Result: NOTE
Namespace in Imports field not imported from: ‘cli’
All declared Imports should be used.
Flavors: r-devel-linux-x86_64-fedora-clang, r-devel-linux-x86_64-fedora-gcc, r-patched-solaris-x86, r-release-macos-x86_64, r-oldrel-macos-x86_64