CRAN Package Check Results for Package utilsIPEA

Last updated on 2020-10-11 01:47:36 CEST.

Flavor Version Tinstall Tcheck Ttotal Status Flags
r-devel-linux-x86_64-debian-clang 0.0.6 3.82 39.07 42.89 OK
r-devel-linux-x86_64-debian-gcc 0.0.6 3.30 29.85 33.15 OK
r-devel-linux-x86_64-fedora-clang 0.0.6 62.33 NOTE
r-devel-linux-x86_64-fedora-gcc 0.0.6 53.41 NOTE
r-devel-windows-ix86+x86_64 0.0.6 11.00 46.00 57.00 OK
r-patched-linux-x86_64 0.0.6 4.18 36.67 40.85 OK
r-patched-solaris-x86 0.0.6 79.50 NOTE
r-release-linux-x86_64 0.0.6 4.32 36.41 40.73 OK
r-release-macos-x86_64 0.0.6 NOTE
r-release-windows-ix86+x86_64 0.0.6 9.00 62.00 71.00 OK
r-oldrel-macos-x86_64 0.0.6 NOTE
r-oldrel-windows-ix86+x86_64 0.0.6 9.00 43.00 52.00 OK

Check Details

Version: 0.0.6
Check: dependencies in R code
Result: NOTE
    Namespaces in Imports field not imported from:
     ‘RCurl’ ‘stringdist’ ‘utils’
     All declared Imports should be used.
Flavors: r-devel-linux-x86_64-fedora-clang, r-devel-linux-x86_64-fedora-gcc, r-patched-solaris-x86, r-release-macos-x86_64, r-oldrel-macos-x86_64