Last updated on 2020-10-11 01:47:36 CEST.
Flavor | Version | Tinstall | Tcheck | Ttotal | Status | Flags |
---|---|---|---|---|---|---|
r-devel-linux-x86_64-debian-clang | 0.2.0 | 5.28 | 132.63 | 137.91 | OK | |
r-devel-linux-x86_64-debian-gcc | 0.2.0 | 4.19 | 99.75 | 103.94 | OK | |
r-devel-linux-x86_64-fedora-clang | 0.2.0 | 184.87 | NOTE | |||
r-devel-linux-x86_64-fedora-gcc | 0.2.0 | 163.50 | NOTE | |||
r-devel-windows-ix86+x86_64 | 0.2.0 | 11.00 | 136.00 | 147.00 | OK | |
r-patched-linux-x86_64 | 0.2.0 | 4.67 | 130.28 | 134.95 | OK | |
r-patched-solaris-x86 | 0.2.0 | 213.40 | NOTE | |||
r-release-linux-x86_64 | 0.2.0 | 4.10 | 127.70 | 131.80 | OK | |
r-release-macos-x86_64 | 0.2.0 | NOTE | ||||
r-release-windows-ix86+x86_64 | 0.2.0 | 8.00 | 175.00 | 183.00 | OK | |
r-oldrel-macos-x86_64 | 0.2.0 | NOTE | ||||
r-oldrel-windows-ix86+x86_64 | 0.2.0 | 8.00 | 118.00 | 126.00 | OK |
Version: 0.2.0
Check: dependencies in R code
Result: NOTE
Namespaces in Imports field not imported from:
‘matrixcalc’ ‘saemix’
All declared Imports should be used.
Flavors: r-devel-linux-x86_64-fedora-clang, r-devel-linux-x86_64-fedora-gcc, r-patched-solaris-x86, r-release-macos-x86_64, r-oldrel-macos-x86_64