CRAN Package Check Results for Package vegan3d

Last updated on 2020-10-11 01:47:36 CEST.

Flavor Version Tinstall Tcheck Ttotal Status Flags
r-devel-linux-x86_64-debian-clang 1.1-2 9.14 79.72 88.86 OK
r-devel-linux-x86_64-debian-gcc 1.1-2 8.52 61.83 70.35 OK
r-devel-linux-x86_64-fedora-clang 1.1-2 124.62 OK
r-devel-linux-x86_64-fedora-gcc 1.1-2 108.44 OK
r-devel-windows-ix86+x86_64 1.1-2 23.00 78.00 101.00 OK
r-patched-linux-x86_64 1.1-2 9.61 74.29 83.90 OK
r-patched-solaris-x86 1.1-2 162.50 OK
r-release-linux-x86_64 1.1-2 8.64 75.42 84.06 OK
r-release-macos-x86_64 1.1-2 OK
r-release-windows-ix86+x86_64 1.1-2 16.00 112.00 128.00 OK
r-oldrel-macos-x86_64 1.1-2 WARN
r-oldrel-windows-ix86+x86_64 1.1-2 19.00 75.00 94.00 OK

Check Details

Version: 1.1-2
Check: whether package can be installed
Result: WARN
    Found the following significant warnings:
     Warning: 'rgl_init' failed, running with rgl.useNULL = TRUE
Flavor: r-oldrel-macos-x86_64