Last updated on 2020-10-11 01:47:36 CEST.
Flavor | Version | Tinstall | Tcheck | Ttotal | Status | Flags |
---|---|---|---|---|---|---|
r-devel-linux-x86_64-debian-clang | 0.1.6 | 25.35 | 169.72 | 195.07 | OK | |
r-devel-linux-x86_64-debian-gcc | 0.1.6 | 24.07 | 130.07 | 154.14 | OK | |
r-devel-linux-x86_64-fedora-clang | 0.1.6 | 218.13 | NOTE | |||
r-devel-linux-x86_64-fedora-gcc | 0.1.6 | 245.39 | NOTE | |||
r-devel-windows-ix86+x86_64 | 0.1.6 | 61.00 | 204.00 | 265.00 | OK | |
r-patched-linux-x86_64 | 0.1.6 | 25.22 | 158.37 | 183.59 | OK | |
r-patched-solaris-x86 | 0.1.6 | 359.40 | NOTE | |||
r-release-linux-x86_64 | 0.1.6 | 27.03 | 157.41 | 184.44 | OK | |
r-release-macos-x86_64 | 0.1.6 | NOTE | ||||
r-release-windows-ix86+x86_64 | 0.1.6 | 45.00 | 177.00 | 222.00 | OK | |
r-oldrel-macos-x86_64 | 0.1.6 | NOTE | ||||
r-oldrel-windows-ix86+x86_64 | 0.1.6 | 47.00 | 135.00 | 182.00 | OK |
Version: 0.1.6
Check: Rd cross-references
Result: NOTE
Undeclared package ‘stringdist’ in Rd xrefs
Flavor: r-devel-linux-x86_64-fedora-clang
Version: 0.1.6
Check: data for non-ASCII characters
Result: NOTE
Note: found 128 marked UTF-8 strings
Flavors: r-devel-linux-x86_64-fedora-clang, r-devel-linux-x86_64-fedora-gcc, r-patched-solaris-x86, r-release-macos-x86_64, r-oldrel-macos-x86_64