CRAN Package Check Results for Package visTree

Last updated on 2020-10-11 01:47:36 CEST.

Flavor Version Tinstall Tcheck Ttotal Status Flags
r-devel-linux-x86_64-debian-clang 0.8.1 8.37 75.72 84.09 OK
r-devel-linux-x86_64-debian-gcc 0.8.1 5.73 59.66 65.39 OK
r-devel-linux-x86_64-fedora-clang 0.8.1 116.06 NOTE
r-devel-linux-x86_64-fedora-gcc 0.8.1 104.15 NOTE
r-devel-windows-ix86+x86_64 0.8.1 18.00 78.00 96.00 OK
r-patched-linux-x86_64 0.8.1 6.93 72.53 79.46 OK
r-patched-solaris-x86 0.8.1 145.90 NOTE
r-release-linux-x86_64 0.8.1 6.98 72.72 79.70 OK
r-release-macos-x86_64 0.8.1 NOTE
r-release-windows-ix86+x86_64 0.8.1 14.00 108.00 122.00 OK
r-oldrel-macos-x86_64 0.8.1 NOTE
r-oldrel-windows-ix86+x86_64 0.8.1 15.00 65.00 80.00 OK

Check Details

Version: 0.8.1
Check: dependencies in R code
Result: NOTE
    Namespace in Imports field not imported from: ‘rpart’
     All declared Imports should be used.
Flavors: r-devel-linux-x86_64-fedora-clang, r-devel-linux-x86_64-fedora-gcc, r-patched-solaris-x86, r-release-macos-x86_64, r-oldrel-macos-x86_64