CRAN Package Check Results for Package visit

Last updated on 2020-10-11 01:47:36 CEST.

Flavor Version Tinstall Tcheck Ttotal Status Flags
r-devel-linux-x86_64-debian-clang 2.1 125.04 106.80 231.84 NOTE
r-devel-linux-x86_64-debian-gcc 2.1 109.79 83.44 193.23 NOTE
r-devel-linux-x86_64-fedora-clang 2.1 330.58 NOTE
r-devel-linux-x86_64-fedora-gcc 2.1 321.37 NOTE
r-devel-windows-ix86+x86_64 2.1 271.00 182.00 453.00 NOTE
r-patched-linux-x86_64 2.1 125.11 103.72 228.83 NOTE
r-patched-solaris-x86 2.1 326.60 NOTE
r-release-linux-x86_64 2.1 116.32 102.29 218.61 NOTE
r-release-macos-x86_64 2.1 NOTE
r-release-windows-ix86+x86_64 2.1 213.00 234.00 447.00 NOTE
r-oldrel-macos-x86_64 2.1 NOTE
r-oldrel-windows-ix86+x86_64 2.1 253.00 152.00 405.00 NOTE

Check Details

Version: 2.1
Check: for GNU extensions in Makefiles
Result: NOTE
    GNU make is a SystemRequirements.
Flavors: r-devel-linux-x86_64-debian-clang, r-devel-linux-x86_64-debian-gcc, r-devel-linux-x86_64-fedora-clang, r-devel-linux-x86_64-fedora-gcc, r-devel-windows-ix86+x86_64, r-patched-linux-x86_64, r-patched-solaris-x86, r-release-linux-x86_64, r-release-macos-x86_64, r-release-windows-ix86+x86_64, r-oldrel-macos-x86_64, r-oldrel-windows-ix86+x86_64

Version: 2.1
Check: installed package size
Result: NOTE
     installed size is 33.2Mb
     sub-directories of 1Mb or more:
     libs 32.4Mb
Flavors: r-devel-linux-x86_64-fedora-clang, r-release-macos-x86_64, r-oldrel-macos-x86_64

Version: 2.1
Check: dependencies in R code
Result: NOTE
    Namespace in Imports field not imported from: ‘sqldf’
     All declared Imports should be used.
Flavors: r-devel-linux-x86_64-fedora-clang, r-devel-linux-x86_64-fedora-gcc, r-patched-solaris-x86, r-release-macos-x86_64, r-oldrel-macos-x86_64