Last updated on 2020-10-11 01:47:36 CEST.
Flavor | Version | Tinstall | Tcheck | Ttotal | Status | Flags |
---|---|---|---|---|---|---|
r-devel-linux-x86_64-debian-clang | 0.3.6 | 6.05 | 55.36 | 61.41 | OK | |
r-devel-linux-x86_64-debian-gcc | 0.3.6 | 4.82 | 42.84 | 47.66 | OK | |
r-devel-linux-x86_64-fedora-clang | 0.3.6 | 88.46 | OK | |||
r-devel-linux-x86_64-fedora-gcc | 0.3.6 | 72.78 | OK | |||
r-devel-windows-ix86+x86_64 | 0.3.6 | 12.00 | 67.00 | 79.00 | OK | |
r-patched-linux-x86_64 | 0.3.6 | 5.45 | 53.96 | 59.41 | OK | |
r-patched-solaris-x86 | 0.3.6 | 103.00 | OK | |||
r-release-linux-x86_64 | 0.3.6 | 6.39 | 53.61 | 60.00 | OK | |
r-release-macos-x86_64 | 0.3.6 | OK | ||||
r-release-windows-ix86+x86_64 | 0.3.6 | 9.00 | 88.00 | 97.00 | OK | |
r-oldrel-macos-x86_64 | 0.3.6 | OK | ||||
r-oldrel-windows-ix86+x86_64 | 0.3.6 | 10.00 | 49.00 | 59.00 | ERROR |
Version: 0.3.6
Check: examples
Result: ERROR
Running examples in 'wakefield-Ex.R' failed
The error most likely occurred in:
> ### Name: lorem_ipsum
> ### Title: Generate Random Lorem Ipsum Strings
> ### Aliases: lorem_ipsum paragraph
> ### Keywords: character string
>
> ### ** Examples
>
> lorem_ipsum(10)
Error in stringi::stri_rand_lipsum(n_paragraphs = n, ...) :
unused argument (n_paragraphs = n)
Calls: lorem_ipsum
Execution halted
Flavor: r-oldrel-windows-ix86+x86_64