Last updated on 2020-10-11 01:47:36 CEST.
Flavor | Version | Tinstall | Tcheck | Ttotal | Status | Flags |
---|---|---|---|---|---|---|
r-devel-linux-x86_64-debian-clang | 0.1.5 | 11.43 | 121.16 | 132.59 | OK | |
r-devel-linux-x86_64-debian-gcc | 0.1.5 | 9.06 | 93.67 | 102.73 | OK | |
r-devel-linux-x86_64-fedora-clang | 0.1.5 | 179.75 | NOTE | |||
r-devel-linux-x86_64-fedora-gcc | 0.1.5 | 168.01 | NOTE | |||
r-devel-windows-ix86+x86_64 | 0.1.5 | 32.00 | 150.00 | 182.00 | OK | |
r-patched-linux-x86_64 | 0.1.5 | 10.12 | 117.08 | 127.20 | OK | |
r-patched-solaris-x86 | 0.1.5 | 201.90 | NOTE | |||
r-release-linux-x86_64 | 0.1.5 | 10.65 | 115.95 | 126.60 | OK | |
r-release-macos-x86_64 | 0.1.5 | NOTE | ||||
r-release-windows-ix86+x86_64 | 0.1.5 | 19.00 | 135.00 | 154.00 | OK | |
r-oldrel-macos-x86_64 | 0.1.5 | NOTE | ||||
r-oldrel-windows-ix86+x86_64 | 0.1.5 | 23.00 | 106.00 | 129.00 | OK |
Version: 0.1.5
Check: dependencies in R code
Result: NOTE
Namespaces in Imports field not imported from:
‘shiny’ ‘tidyselect’
All declared Imports should be used.
Flavors: r-devel-linux-x86_64-fedora-clang, r-devel-linux-x86_64-fedora-gcc, r-patched-solaris-x86, r-release-macos-x86_64, r-oldrel-macos-x86_64