CRAN Package Check Results for Package windfarmGA

Last updated on 2020-10-11 01:47:36 CEST.

Flavor Version Tinstall Tcheck Ttotal Status Flags
r-devel-linux-x86_64-debian-clang 2.2.3 44.99 246.01 291.00 ERROR
r-devel-linux-x86_64-debian-gcc 2.2.3 36.70 186.52 223.22 ERROR
r-devel-linux-x86_64-fedora-clang 2.2.3 246.33 ERROR
r-devel-linux-x86_64-fedora-gcc 2.2.3 276.14 ERROR
r-devel-windows-ix86+x86_64 2.2.3 112.00 431.00 543.00 ERROR
r-patched-linux-x86_64 2.2.3 47.83 230.78 278.61 ERROR
r-patched-solaris-x86 2.2.3 451.00 NOTE
r-release-linux-x86_64 2.2.3 43.75 229.01 272.76 ERROR
r-release-macos-x86_64 2.2.3 OK
r-release-windows-ix86+x86_64 2.2.3 75.00 388.00 463.00 ERROR
r-oldrel-macos-x86_64 2.2.3 OK
r-oldrel-windows-ix86+x86_64 2.2.3 94.00 326.00 420.00 OK

Check Details

Version: 2.2.3
Check: tests
Result: ERROR
     Running 'testthat.R' [25s/27s]
    Running the tests in 'tests/testthat.R' failed.
    Complete output:
     > library(testthat)
     > library(windfarmGA)
     >
     >
     > test_check("windfarmGA")
     .-- 1. Failure: Test Basic Functions (@test_utils.R#35) ------------------------
     as.character(proj4string(res0)) == projection isn't true.
    
     -- 2. Failure: Test Basic Functions (@test_utils.R#49) ------------------------
     as.character(proj4string(res1)) == projection isn't true.
    
     == testthat results ===========================================================
     [ OK: 361 | SKIPPED: 8 | WARNINGS: 158 | FAILED: 2 ]
     1. Failure: Test Basic Functions (@test_utils.R#35)
     2. Failure: Test Basic Functions (@test_utils.R#49)
    
     Error: testthat unit tests failed
     Execution halted
Flavor: r-devel-linux-x86_64-debian-clang

Version: 2.2.3
Check: tests
Result: ERROR
     Running ‘testthat.R’ [18s/26s]
    Running the tests in ‘tests/testthat.R’ failed.
    Complete output:
     > library(testthat)
     > library(windfarmGA)
     >
     >
     > test_check("windfarmGA")
     .── 1. Failure: Test Basic Functions (@test_utils.R#35) ────────────────────────
     as.character(proj4string(res0)) == projection isn't true.
    
     ── 2. Failure: Test Basic Functions (@test_utils.R#49) ────────────────────────
     as.character(proj4string(res1)) == projection isn't true.
    
     ══ testthat results ═══════════════════════════════════════════════════════════
     [ OK: 361 | SKIPPED: 8 | WARNINGS: 158 | FAILED: 2 ]
     1. Failure: Test Basic Functions (@test_utils.R#35)
     2. Failure: Test Basic Functions (@test_utils.R#49)
    
     Error: testthat unit tests failed
     Execution halted
Flavor: r-devel-linux-x86_64-debian-gcc

Version: 2.2.3
Check: tests
Result: ERROR
     Running ‘testthat.R’ [14s/14s]
    Running the tests in ‘tests/testthat.R’ failed.
    Complete output:
     > library(testthat)
     > library(windfarmGA)
     >
     >
     > test_check("windfarmGA")
     .── 1. Failure: Test Basic Functions (@test_utils.R#35) ────────────────────────
     as.character(proj4string(res0)) == projection isn't true.
    
     ── 2. Failure: Test Basic Functions (@test_utils.R#49) ────────────────────────
     as.character(proj4string(res1)) == projection isn't true.
    
     ══ testthat results ═══════════════════════════════════════════════════════════
     [ OK: 361 | SKIPPED: 8 | WARNINGS: 158 | FAILED: 2 ]
     1. Failure: Test Basic Functions (@test_utils.R#35)
     2. Failure: Test Basic Functions (@test_utils.R#49)
    
     Error: testthat unit tests failed
     Execution halted
Flavor: r-devel-linux-x86_64-fedora-clang

Version: 2.2.3
Check: tests
Result: ERROR
     Running ‘testthat.R’ [15s/16s]
    Running the tests in ‘tests/testthat.R’ failed.
    Complete output:
     > library(testthat)
     > library(windfarmGA)
     >
     >
     > test_check("windfarmGA")
     .── 1. Failure: Test Basic Functions (@test_utils.R#35) ────────────────────────
     as.character(proj4string(res0)) == projection isn't true.
    
     ── 2. Failure: Test Basic Functions (@test_utils.R#49) ────────────────────────
     as.character(proj4string(res1)) == projection isn't true.
    
     ══ testthat results ═══════════════════════════════════════════════════════════
     [ OK: 361 | SKIPPED: 8 | WARNINGS: 158 | FAILED: 2 ]
     1. Failure: Test Basic Functions (@test_utils.R#35)
     2. Failure: Test Basic Functions (@test_utils.R#49)
    
     Error: testthat unit tests failed
     Execution halted
Flavor: r-devel-linux-x86_64-fedora-gcc

Version: 2.2.3
Check: running tests for arch ‘i386’
Result: ERROR
     Running 'testthat.R' [26s]
    Running the tests in 'tests/testthat.R' failed.
    Complete output:
     > library(testthat)
     > library(windfarmGA)
     >
     >
     > test_check("windfarmGA")
     .-- 1. Failure: Test Basic Functions (@test_utils.R#35) ------------------------
     as.character(proj4string(res0)) == projection isn't true.
    
     -- 2. Failure: Test Basic Functions (@test_utils.R#49) ------------------------
     as.character(proj4string(res1)) == projection isn't true.
    
     == testthat results ===========================================================
     [ OK: 361 | SKIPPED: 8 | WARNINGS: 158 | FAILED: 2 ]
     1. Failure: Test Basic Functions (@test_utils.R#35)
     2. Failure: Test Basic Functions (@test_utils.R#49)
    
     Error: testthat unit tests failed
     Execution halted
Flavor: r-devel-windows-ix86+x86_64

Version: 2.2.3
Check: running tests for arch ‘x64’
Result: ERROR
     Running 'testthat.R' [28s]
    Running the tests in 'tests/testthat.R' failed.
    Complete output:
     > library(testthat)
     > library(windfarmGA)
     >
     >
     > test_check("windfarmGA")
     .-- 1. Failure: Test Basic Functions (@test_utils.R#35) ------------------------
     as.character(proj4string(res0)) == projection isn't true.
    
     -- 2. Failure: Test Basic Functions (@test_utils.R#49) ------------------------
     as.character(proj4string(res1)) == projection isn't true.
    
     == testthat results ===========================================================
     [ OK: 361 | SKIPPED: 8 | WARNINGS: 158 | FAILED: 2 ]
     1. Failure: Test Basic Functions (@test_utils.R#35)
     2. Failure: Test Basic Functions (@test_utils.R#49)
    
     Error: testthat unit tests failed
     Execution halted
Flavor: r-devel-windows-ix86+x86_64

Version: 2.2.3
Check: tests
Result: ERROR
     Running ‘testthat.R’ [23s/24s]
    Running the tests in ‘tests/testthat.R’ failed.
    Complete output:
     > library(testthat)
     > library(windfarmGA)
     >
     >
     > test_check("windfarmGA")
     .── 1. Failure: Test Basic Functions (@test_utils.R#35) ────────────────────────
     as.character(proj4string(res0)) == projection isn't true.
    
     ── 2. Failure: Test Basic Functions (@test_utils.R#49) ────────────────────────
     as.character(proj4string(res1)) == projection isn't true.
    
     ══ testthat results ═══════════════════════════════════════════════════════════
     [ OK: 361 | SKIPPED: 8 | WARNINGS: 158 | FAILED: 2 ]
     1. Failure: Test Basic Functions (@test_utils.R#35)
     2. Failure: Test Basic Functions (@test_utils.R#49)
    
     Error: testthat unit tests failed
     Execution halted
Flavor: r-patched-linux-x86_64

Version: 2.2.3
Check: package dependencies
Result: NOTE
    Package suggested but not available for checking: ‘pkgdown’
Flavor: r-patched-solaris-x86

Version: 2.2.3
Check: tests
Result: ERROR
     Running ‘testthat.R’ [25s/26s]
    Running the tests in ‘tests/testthat.R’ failed.
    Complete output:
     > library(testthat)
     > library(windfarmGA)
     >
     >
     > test_check("windfarmGA")
     .── 1. Failure: Test Basic Functions (@test_utils.R#35) ────────────────────────
     as.character(proj4string(res0)) == projection isn't true.
    
     ── 2. Failure: Test Basic Functions (@test_utils.R#49) ────────────────────────
     as.character(proj4string(res1)) == projection isn't true.
    
     ══ testthat results ═══════════════════════════════════════════════════════════
     [ OK: 361 | SKIPPED: 8 | WARNINGS: 158 | FAILED: 2 ]
     1. Failure: Test Basic Functions (@test_utils.R#35)
     2. Failure: Test Basic Functions (@test_utils.R#49)
    
     Error: testthat unit tests failed
     Execution halted
Flavor: r-release-linux-x86_64

Version: 2.2.3
Check: running tests for arch ‘i386’
Result: ERROR
     Running 'testthat.R' [24s]
    Running the tests in 'tests/testthat.R' failed.
    Complete output:
     > library(testthat)
     > library(windfarmGA)
     >
     >
     > test_check("windfarmGA")
     .-- 1. Failure: Test Basic Functions (@test_utils.R#35) ------------------------
     as.character(proj4string(res0)) == projection isn't true.
    
     -- 2. Failure: Test Basic Functions (@test_utils.R#49) ------------------------
     as.character(proj4string(res1)) == projection isn't true.
    
     == testthat results ===========================================================
     [ OK: 361 | SKIPPED: 8 | WARNINGS: 158 | FAILED: 2 ]
     1. Failure: Test Basic Functions (@test_utils.R#35)
     2. Failure: Test Basic Functions (@test_utils.R#49)
    
     Error: testthat unit tests failed
     Execution halted
Flavor: r-release-windows-ix86+x86_64

Version: 2.2.3
Check: running tests for arch ‘x64’
Result: ERROR
     Running 'testthat.R' [25s]
    Running the tests in 'tests/testthat.R' failed.
    Complete output:
     > library(testthat)
     > library(windfarmGA)
     >
     >
     > test_check("windfarmGA")
     .-- 1. Failure: Test Basic Functions (@test_utils.R#35) ------------------------
     as.character(proj4string(res0)) == projection isn't true.
    
     -- 2. Failure: Test Basic Functions (@test_utils.R#49) ------------------------
     as.character(proj4string(res1)) == projection isn't true.
    
     == testthat results ===========================================================
     [ OK: 361 | SKIPPED: 8 | WARNINGS: 158 | FAILED: 2 ]
     1. Failure: Test Basic Functions (@test_utils.R#35)
     2. Failure: Test Basic Functions (@test_utils.R#49)
    
     Error: testthat unit tests failed
     Execution halted
Flavor: r-release-windows-ix86+x86_64