Last updated on 2020-10-11 01:47:36 CEST.
Flavor | Version | Tinstall | Tcheck | Ttotal | Status | Flags |
---|---|---|---|---|---|---|
r-devel-linux-x86_64-debian-clang | 0.1.0 | 2.26 | 26.83 | 29.09 | OK | |
r-devel-linux-x86_64-debian-gcc | 0.1.0 | 2.42 | 20.72 | 23.14 | OK | |
r-devel-linux-x86_64-fedora-clang | 0.1.0 | 49.08 | NOTE | |||
r-devel-linux-x86_64-fedora-gcc | 0.1.0 | 35.78 | NOTE | |||
r-devel-windows-ix86+x86_64 | 0.1.0 | 7.00 | 37.00 | 44.00 | OK | |
r-patched-linux-x86_64 | 0.1.0 | 2.82 | 25.68 | 28.50 | OK | |
r-patched-solaris-x86 | 0.1.0 | 50.00 | NOTE | |||
r-release-linux-x86_64 | 0.1.0 | 2.46 | 25.54 | 28.00 | OK | |
r-release-macos-x86_64 | 0.1.0 | NOTE | ||||
r-release-windows-ix86+x86_64 | 0.1.0 | 6.00 | 47.00 | 53.00 | OK | |
r-oldrel-macos-x86_64 | 0.1.0 | NOTE | ||||
r-oldrel-windows-ix86+x86_64 | 0.1.0 | 5.00 | 33.00 | 38.00 | OK |
Version: 0.1.0
Check: data for non-ASCII characters
Result: NOTE
Note: found 6738 marked UTF-8 strings
Flavors: r-devel-linux-x86_64-fedora-clang, r-devel-linux-x86_64-fedora-gcc, r-patched-solaris-x86, r-release-macos-x86_64, r-oldrel-macos-x86_64