Last updated on 2020-10-11 01:47:36 CEST.
Flavor | Version | Tinstall | Tcheck | Ttotal | Status | Flags |
---|---|---|---|---|---|---|
r-devel-linux-x86_64-debian-clang | 1.0.9 | 6.98 | 115.61 | 122.59 | NOTE | |
r-devel-linux-x86_64-debian-gcc | 1.0.9 | 6.09 | 86.55 | 92.64 | NOTE | |
r-devel-linux-x86_64-fedora-clang | 1.0.9 | 172.13 | NOTE | |||
r-devel-linux-x86_64-fedora-gcc | 1.0.9 | 162.85 | NOTE | |||
r-devel-windows-ix86+x86_64 | 1.0.9 | 18.00 | 145.00 | 163.00 | OK | |
r-patched-linux-x86_64 | 1.0.9 | 7.86 | 109.84 | 117.70 | NOTE | |
r-patched-solaris-x86 | 1.0.9 | 169.60 | NOTE | |||
r-release-linux-x86_64 | 1.0.9 | 7.90 | 109.61 | 117.51 | NOTE | |
r-release-macos-x86_64 | 1.0.9 | OK | ||||
r-release-windows-ix86+x86_64 | 1.0.9 | 13.00 | 129.00 | 142.00 | OK | |
r-oldrel-macos-x86_64 | 1.0.9 | OK | ||||
r-oldrel-windows-ix86+x86_64 | 1.0.9 | 14.00 | 109.00 | 123.00 | OK |
Version: 1.0.9
Check: package dependencies
Result: NOTE
Package suggested but not available for checking: 'RxODE'
Flavors: r-devel-linux-x86_64-debian-clang, r-devel-linux-x86_64-debian-gcc, r-devel-linux-x86_64-fedora-clang, r-devel-linux-x86_64-fedora-gcc, r-patched-linux-x86_64, r-patched-solaris-x86, r-release-linux-x86_64