CRAN Package Check Results for Package xml2

Last updated on 2020-10-11 01:47:36 CEST.

Flavor Version Tinstall Tcheck Ttotal Status Flags
r-devel-linux-x86_64-debian-clang 1.3.2 16.26 38.69 54.95 OK
r-devel-linux-x86_64-debian-gcc 1.3.2 11.93 30.29 42.22 OK
r-devel-linux-x86_64-fedora-clang 1.3.2 88.80 OK
r-devel-linux-x86_64-fedora-gcc 1.3.2 67.42 OK
r-devel-windows-ix86+x86_64 1.3.2 40.00 74.00 114.00 NOTE
r-patched-linux-x86_64 1.3.2 15.68 37.45 53.13 OK
r-patched-solaris-x86 1.3.2 87.90 OK
r-release-linux-x86_64 1.3.2 15.16 37.88 53.04 OK
r-release-macos-x86_64 1.3.2 WARN
r-release-windows-ix86+x86_64 1.3.2 38.00 92.00 130.00 NOTE
r-oldrel-macos-x86_64 1.3.2 OK
r-oldrel-windows-ix86+x86_64 1.3.2 39.00 76.00 115.00 NOTE

Check Details

Version: 1.3.2
Check: installed package size
Result: NOTE
     installed size is 5.1Mb
     sub-directories of 1Mb or more:
     libs 4.8Mb
Flavors: r-devel-windows-ix86+x86_64, r-release-macos-x86_64, r-release-windows-ix86+x86_64, r-oldrel-windows-ix86+x86_64

Version: 1.3.2
Check: re-building of vignette outputs
Result: WARN
    Error(s) in re-building vignettes:
     ...
    --- re-building ‘modification.Rmd’ using rmarkdown
    Warning in engine$weave(file, quiet = quiet, encoding = enc) :
     Pandoc (>= 1.12.3) and/or pandoc-citeproc not available. Falling back to R Markdown v1.
    Error: processing vignette 'modification.Rmd' failed with diagnostics:
    there is no package called 'stringi'
    --- failed re-building ‘modification.Rmd’
    
    SUMMARY: processing the following file failed:
     ‘modification.Rmd’
    
    Error: Vignette re-building failed.
    Execution halted
Flavor: r-release-macos-x86_64