CRAN Package Check Results for Package zenplots

Last updated on 2020-10-11 01:47:36 CEST.

Flavor Version Tinstall Tcheck Ttotal Status Flags
r-devel-linux-x86_64-debian-clang 1.0.2 13.55 140.27 153.82 OK
r-devel-linux-x86_64-debian-gcc 1.0.2 10.33 116.70 127.03 OK
r-devel-linux-x86_64-fedora-clang 1.0.2 178.23 OK
r-devel-linux-x86_64-fedora-gcc 1.0.2 194.15 OK
r-devel-windows-ix86+x86_64 1.0.2 22.00 299.00 321.00 OK
r-patched-linux-x86_64 1.0.2 12.95 137.11 150.06 OK
r-patched-solaris-x86 1.0.2 285.90 OK
r-release-linux-x86_64 1.0.2 14.05 135.51 149.56 OK
r-release-macos-x86_64 1.0.2 OK
r-release-windows-ix86+x86_64 1.0.2 20.00 301.00 321.00 OK
r-oldrel-macos-x86_64 1.0.2 ERROR
r-oldrel-windows-ix86+x86_64 1.0.2 21.00 196.00 217.00 OK

Check Details

Version: 1.0.2
Check: whether package can be installed
Result: ERROR
    Installation failed.
Flavor: r-oldrel-macos-x86_64