Last updated on 2020-10-11 01:47:36 CEST.
Flavor | Version | Tinstall | Tcheck | Ttotal | Status | Flags |
---|---|---|---|---|---|---|
r-devel-linux-x86_64-debian-clang | 2.0.6 | 84.01 | 57.24 | 141.25 | OK | |
r-devel-linux-x86_64-debian-gcc | 2.0.6 | 75.23 | 47.44 | 122.67 | OK | |
r-devel-linux-x86_64-fedora-clang | 2.0.6 | 240.49 | NOTE | |||
r-devel-linux-x86_64-fedora-gcc | 2.0.6 | 177.74 | OK | |||
r-devel-windows-ix86+x86_64 | 2.0.6 | 178.00 | 118.00 | 296.00 | OK | |
r-patched-linux-x86_64 | 2.0.6 | 86.06 | 55.76 | 141.82 | OK | |
r-patched-solaris-x86 | 2.0.6 | 194.50 | OK | |||
r-release-linux-x86_64 | 2.0.6 | 88.53 | 56.89 | 145.42 | OK | |
r-release-macos-x86_64 | 2.0.6 | NOTE | ||||
r-release-windows-ix86+x86_64 | 2.0.6 | 150.00 | 144.00 | 294.00 | OK | |
r-oldrel-macos-x86_64 | 2.0.6 | NOTE | ||||
r-oldrel-windows-ix86+x86_64 | 2.0.6 | 171.00 | 116.00 | 287.00 | OK |
Version: 2.0.6
Check: installed package size
Result: NOTE
installed size is 10.3Mb
sub-directories of 1Mb or more:
libs 9.9Mb
Flavors: r-devel-linux-x86_64-fedora-clang, r-release-macos-x86_64, r-oldrel-macos-x86_64