CRAN Package Check Results for Package ztype

Last updated on 2020-10-11 01:47:36 CEST.

Flavor Version Tinstall Tcheck Ttotal Status Flags
r-devel-linux-x86_64-debian-clang 0.1.0 2.40 24.25 26.65 OK
r-devel-linux-x86_64-debian-gcc 0.1.0 1.54 19.43 20.97 OK
r-devel-linux-x86_64-fedora-clang 0.1.0 46.65 NOTE
r-devel-linux-x86_64-fedora-gcc 0.1.0 31.61 NOTE
r-devel-windows-ix86+x86_64 0.1.0 6.00 36.00 42.00 OK
r-patched-linux-x86_64 0.1.0 2.40 23.75 26.15 OK
r-patched-solaris-x86 0.1.0 55.00 NOTE
r-release-linux-x86_64 0.1.0 2.24 23.51 25.75 OK
r-release-macos-x86_64 0.1.0 NOTE
r-release-windows-ix86+x86_64 0.1.0 6.00 47.00 53.00 OK
r-oldrel-macos-x86_64 0.1.0 NOTE
r-oldrel-windows-ix86+x86_64 0.1.0 5.00 33.00 38.00 OK

Check Details

Version: 0.1.0
Check: dependencies in R code
Result: NOTE
    Namespaces in Imports field not imported from:
     ‘dplyr’ ‘ggplot2’ ‘lubridate’
     All declared Imports should be used.
Flavors: r-devel-linux-x86_64-fedora-clang, r-devel-linux-x86_64-fedora-gcc, r-patched-solaris-x86, r-release-macos-x86_64, r-oldrel-macos-x86_64