Last updated on 2020-12-01 00:46:36 CET.
Flavor | Version | Tinstall | Tcheck | Ttotal | Status | Flags |
---|---|---|---|---|---|---|
r-devel-linux-x86_64-debian-clang | 1.0-4 | 34.22 | 385.45 | 419.67 | NOTE | |
r-devel-linux-x86_64-debian-gcc | 1.0-4 | 32.89 | 364.71 | 397.60 | NOTE | |
r-devel-linux-x86_64-fedora-clang | 1.0-4 | 541.82 | NOTE | |||
r-devel-linux-x86_64-fedora-gcc | 1.0-4 | 561.14 | NOTE | |||
r-devel-windows-ix86+x86_64 | 1.0-4 | 58.00 | 87.00 | 145.00 | OK | --no-examples --no-tests --no-vignettes |
r-patched-linux-x86_64 | 1.0-4 | 50.39 | 426.05 | 476.44 | NOTE | |
r-patched-solaris-x86 | 1.0-4 | 2188.60 | WARN | |||
r-release-linux-x86_64 | 1.0-4 | 49.75 | 424.79 | 474.54 | NOTE | |
r-release-macos-x86_64 | 1.0-4 | OK | ||||
r-release-windows-ix86+x86_64 | 1.0-4 | 58.00 | 84.00 | 142.00 | OK | --no-examples --no-tests --no-vignettes |
r-oldrel-macos-x86_64 | 1.0-4 | OK | ||||
r-oldrel-windows-ix86+x86_64 | 1.0-4 | 51.00 | 104.00 | 155.00 | OK | --no-examples --no-tests --no-vignettes |
Version: 1.0-4
Check: for non-standard things in the check directory
Result: NOTE
Found the following files/directories:
'MSToutput.txt'
Flavors: r-devel-linux-x86_64-debian-clang, r-devel-linux-x86_64-debian-gcc, r-devel-linux-x86_64-fedora-clang, r-devel-linux-x86_64-fedora-gcc, r-patched-linux-x86_64, r-patched-solaris-x86, r-release-linux-x86_64
Version: 1.0-4
Check: re-building of vignette outputs
Result: WARN
Error(s) in re-building vignettes:
...
--- re-building ‘asmapvignette.Rnw’ using knitr
Warning in summary.cross(cross) :
Some markers at the same position on chr 1B1,1D,2B,2D1,3A,3B,3D,4A,5A,5B,5D,6D,7A,7B,7D; use jittermap().
Warning in summary.cross(cross) :
Some chromosomes > 1000 cM in length; there may be a problem with the genetic map.
(Perhaps it is in basepairs?)
Warning in summary.cross(cross) :
Some markers at the same position on chr L.1,L.2,L.3,L.4,L.5,L.6,L.7,L.8,L.9; use jittermap().
Warning in heatMap(mapBC6, chr = c("L.3", "L.5", "L.8", "L.9"), lmax = 70) :
Running est.rf.
Warning in summary.cross(cross) :
Some markers at the same position on chr L.1,L.2,L.3,L.4,L.5,L.6,L.7; use jittermap().
Flavor: r-patched-solaris-x86