CRAN Package Check Results for Package AlphaSimR

Last updated on 2020-12-01 00:46:35 CET.

Flavor Version Tinstall Tcheck Ttotal Status Flags
r-devel-linux-x86_64-debian-clang 0.13.0 359.56 76.65 436.21 OK
r-devel-linux-x86_64-debian-gcc 0.13.0 363.77 63.18 426.95 OK
r-devel-linux-x86_64-fedora-clang 0.13.0 529.26 NOTE
r-devel-linux-x86_64-fedora-gcc 0.13.0 458.71 OK
r-devel-windows-ix86+x86_64 0.13.0 608.00 138.00 746.00 NOTE
r-patched-linux-x86_64 0.13.0 562.68 76.36 639.04 OK
r-patched-solaris-x86 0.13.0 415.60 OK
r-release-linux-x86_64 0.13.0 558.43 75.46 633.89 OK
r-release-macos-x86_64 0.13.0 NOTE
r-release-windows-ix86+x86_64 0.13.0 602.00 112.00 714.00 NOTE
r-oldrel-macos-x86_64 0.13.0 NOTE
r-oldrel-windows-ix86+x86_64 0.13.0 450.00 130.00 580.00 OK

Check Details

Version: 0.13.0
Check: installed package size
Result: NOTE
     installed size is 19.9Mb
     sub-directories of 1Mb or more:
     libs 18.8Mb
Flavors: r-devel-linux-x86_64-fedora-clang, r-devel-windows-ix86+x86_64, r-release-macos-x86_64, r-release-windows-ix86+x86_64, r-oldrel-macos-x86_64