Last updated on 2020-12-01 00:46:36 CET.
Flavor | Version | Tinstall | Tcheck | Ttotal | Status | Flags |
---|---|---|---|---|---|---|
r-devel-linux-x86_64-debian-clang | 2.7 | 231.52 | 168.73 | 400.25 | OK | |
r-devel-linux-x86_64-debian-gcc | 2.7 | 201.56 | 125.43 | 326.99 | OK | |
r-devel-linux-x86_64-fedora-clang | 2.7 | 516.52 | NOTE | |||
r-devel-linux-x86_64-fedora-gcc | 2.7 | 421.06 | OK | |||
r-devel-windows-ix86+x86_64 | 2.7 | 385.00 | 239.00 | 624.00 | NOTE | |
r-patched-linux-x86_64 | 2.7 | 320.47 | 157.97 | 478.44 | OK | |
r-patched-solaris-x86 | 2.7 | 473.50 | NOTE | |||
r-release-linux-x86_64 | 2.7 | 318.95 | 158.96 | 477.91 | OK | |
r-release-macos-x86_64 | 2.7 | NOTE | ||||
r-release-windows-ix86+x86_64 | 2.7 | 377.00 | 178.00 | 555.00 | NOTE | |
r-oldrel-macos-x86_64 | 2.7 | NOTE | ||||
r-oldrel-windows-ix86+x86_64 | 2.7 | 289.00 | 222.00 | 511.00 | NOTE |
Version: 2.7
Check: installed package size
Result: NOTE
installed size is 11.4Mb
sub-directories of 1Mb or more:
data 3.2Mb
doc 1.1Mb
libs 5.9Mb
Flavors: r-devel-linux-x86_64-fedora-clang, r-devel-windows-ix86+x86_64, r-patched-solaris-x86, r-release-macos-x86_64, r-release-windows-ix86+x86_64, r-oldrel-macos-x86_64, r-oldrel-windows-ix86+x86_64