Last updated on 2020-12-01 00:46:36 CET.
Flavor | Version | Tinstall | Tcheck | Ttotal | Status | Flags |
---|---|---|---|---|---|---|
r-devel-linux-x86_64-debian-clang | 1.2.2 | 11.69 | 79.78 | 91.47 | OK | --no-vignettes |
r-devel-linux-x86_64-debian-gcc | 1.2.2 | 8.13 | 58.65 | 66.78 | OK | --no-vignettes |
r-devel-linux-x86_64-fedora-clang | 1.2.2 | 111.81 | OK | --no-vignettes | ||
r-devel-linux-x86_64-fedora-gcc | 1.2.2 | 103.01 | OK | --no-vignettes | ||
r-devel-windows-ix86+x86_64 | 1.2.2 | 14.00 | 71.00 | 85.00 | OK | --no-vignettes |
r-patched-linux-x86_64 | 1.2.2 | 11.32 | 74.16 | 85.48 | OK | --no-vignettes |
r-patched-solaris-x86 | 1.2.2 | 2067.60 | WARN | |||
r-release-linux-x86_64 | 1.2.2 | 11.50 | 74.09 | 85.59 | OK | --no-vignettes |
r-release-macos-x86_64 | 1.2.2 | WARN | ||||
r-release-windows-ix86+x86_64 | 1.2.2 | 15.00 | 72.00 | 87.00 | OK | --no-vignettes |
r-oldrel-macos-x86_64 | 1.2.2 | WARN | ||||
r-oldrel-windows-ix86+x86_64 | 1.2.2 | 10.00 | 94.00 | 104.00 | OK | --no-vignettes |
Version: 1.2.2
Check: re-building of vignette outputs
Result: WARN
Error(s) in re-building vignettes:
...
--- re-building ‘article4.Rnw’ using knitr
Flavor: r-patched-solaris-x86
Version: 1.2.2
Check: re-building of vignette outputs
Result: WARN
Error(s) in re-building vignettes:
...
--- re-building ‘article4.Rnw’ using knitr
Execution halted
* checking PDF version of manual ...* using check arguments '--no-clean-on-error '
Flavor: r-release-macos-x86_64
Version: 1.2.2
Check: re-building of vignette outputs
Result: WARN
Error(s) in re-building vignettes:
...
--- re-building ‘article4.Rnw’ using knitr
Quitting from lines 8-9 (./child/ex5-2.Rnw)
Quitting from lines 45-45 (./child/ex5-2.Rnw)
Error: processing vignette 'article4.Rnw' failed with diagnostics:
cannot open the connection to 'https://archive.ics.uci.edu/ml/machine-learning-databases/00291/airfoil_self_noise.dat'
--- failed re-building ‘article4.Rnw’
SUMMARY: processing the following file failed:
‘article4.Rnw’
Error: Vignette re-building failed.
Execution halted
Flavor: r-oldrel-macos-x86_64