CRAN Package Check Results for Package BCHM

Last updated on 2020-12-01 00:46:36 CET.

Flavor Version Tinstall Tcheck Ttotal Status Flags
r-devel-linux-x86_64-debian-clang 1.00 4.46 48.52 52.98 OK
r-devel-linux-x86_64-debian-gcc 1.00 2.86 38.63 41.49 OK
r-devel-linux-x86_64-fedora-clang 1.00 70.28 NOTE
r-devel-linux-x86_64-fedora-gcc 1.00 63.75 NOTE
r-devel-windows-ix86+x86_64 1.00 7.00 70.00 77.00 OK
r-patched-linux-x86_64 1.00 4.30 47.22 51.52 OK
r-patched-solaris-x86 1.00 119.80 NOTE
r-release-linux-x86_64 1.00 4.00 48.19 52.19 OK
r-release-macos-x86_64 1.00 NOTE
r-release-windows-ix86+x86_64 1.00 7.00 49.00 56.00 OK
r-oldrel-macos-x86_64 1.00 NOTE
r-oldrel-windows-ix86+x86_64 1.00 5.00 68.00 73.00 OK

Check Details

Version: 1.00
Check: dependencies in R code
Result: NOTE
    Namespaces in Imports field not imported from:
     ‘coda’ ‘knitr’ ‘plyr’
     All declared Imports should be used.
Flavors: r-devel-linux-x86_64-fedora-clang, r-devel-linux-x86_64-fedora-gcc, r-patched-solaris-x86, r-release-macos-x86_64, r-oldrel-macos-x86_64