Last updated on 2020-12-01 00:46:36 CET.
Flavor | Version | Tinstall | Tcheck | Ttotal | Status | Flags |
---|---|---|---|---|---|---|
r-devel-linux-x86_64-debian-clang | 1.72.0-3 | 35.21 | 40.50 | 75.71 | OK | |
r-devel-linux-x86_64-debian-gcc | 1.72.0-3 | 20.04 | 32.30 | 52.34 | OK | |
r-devel-linux-x86_64-fedora-clang | 1.72.0-3 | 62.28 | NOTE | |||
r-devel-linux-x86_64-fedora-gcc | 1.72.0-3 | 52.45 | OK | |||
r-devel-windows-ix86+x86_64 | 1.72.0-3 | 73.00 | 56.00 | 129.00 | NOTE | |
r-patched-linux-x86_64 | 1.72.0-3 | 33.41 | 40.00 | 73.41 | OK | |
r-patched-solaris-x86 | 1.72.0-3 | 170.60 | NOTE | |||
r-release-linux-x86_64 | 1.72.0-3 | 32.76 | 39.46 | 72.22 | OK | |
r-release-macos-x86_64 | 1.72.0-3 | NOTE | ||||
r-release-windows-ix86+x86_64 | 1.72.0-3 | 68.00 | 58.00 | 126.00 | NOTE | |
r-oldrel-macos-x86_64 | 1.72.0-3 | NOTE | ||||
r-oldrel-windows-ix86+x86_64 | 1.72.0-3 | 143.00 | 108.00 | 251.00 | NOTE |
Version: 1.72.0-3
Check: installed package size
Result: NOTE
installed size is 135.0Mb
sub-directories of 1Mb or more:
include 134.9Mb
Flavors: r-devel-linux-x86_64-fedora-clang, r-devel-windows-ix86+x86_64, r-patched-solaris-x86, r-release-macos-x86_64, r-release-windows-ix86+x86_64, r-oldrel-macos-x86_64, r-oldrel-windows-ix86+x86_64