Last updated on 2020-12-01 00:46:36 CET.
Flavor | Version | Tinstall | Tcheck | Ttotal | Status | Flags |
---|---|---|---|---|---|---|
r-devel-linux-x86_64-debian-clang | 0.1-2 | 59.40 | 32.06 | 91.46 | OK | |
r-devel-linux-x86_64-debian-gcc | 0.1-2 | 53.26 | 25.81 | 79.07 | OK | |
r-devel-linux-x86_64-fedora-clang | 0.1-2 | 116.46 | NOTE | |||
r-devel-linux-x86_64-fedora-gcc | 0.1-2 | 97.31 | NOTE | |||
r-devel-windows-ix86+x86_64 | 0.1-2 | 115.00 | 72.00 | 187.00 | OK | |
r-patched-linux-x86_64 | 0.1-2 | 81.76 | 30.59 | 112.35 | OK | |
r-patched-solaris-x86 | 0.1-2 | 100.60 | OK | |||
r-release-linux-x86_64 | 0.1-2 | 84.75 | 31.35 | 116.10 | OK | |
r-release-macos-x86_64 | 0.1-2 | OK | ||||
r-release-windows-ix86+x86_64 | 0.1-2 | 116.00 | 64.00 | 180.00 | OK | |
r-oldrel-macos-x86_64 | 0.1-2 | OK | ||||
r-oldrel-windows-ix86+x86_64 | 0.1-2 | 84.00 | 72.00 | 156.00 | OK |
Version: 0.1-2
Check: compiled code
Result: NOTE
File ‘BayesComm/libs/BayesComm.so’:
Found no calls to: ‘R_registerRoutines’, ‘R_useDynamicSymbols’
It is good practice to register native routines and to disable symbol
search.
See ‘Writing portable packages’ in the ‘Writing R Extensions’ manual.
Flavors: r-devel-linux-x86_64-fedora-clang, r-devel-linux-x86_64-fedora-gcc