CRAN Package Check Results for Package BayesESS

Last updated on 2020-12-01 00:46:36 CET.

Flavor Version Tinstall Tcheck Ttotal Status Flags
r-devel-linux-x86_64-debian-clang 0.1.19 76.92 79.83 156.75 OK
r-devel-linux-x86_64-debian-gcc 0.1.19 59.37 60.70 120.07 OK
r-devel-linux-x86_64-fedora-clang 0.1.19 203.59 NOTE
r-devel-linux-x86_64-fedora-gcc 0.1.19 166.22 NOTE
r-devel-windows-ix86+x86_64 0.1.19 137.00 136.00 273.00 OK
r-patched-linux-x86_64 0.1.19 97.73 74.35 172.08 OK
r-patched-solaris-x86 0.1.19 197.20 NOTE
r-release-linux-x86_64 0.1.19 75.15 74.32 149.47 OK
r-release-macos-x86_64 0.1.19 NOTE
r-release-windows-ix86+x86_64 0.1.19 94.00 103.00 197.00 OK
r-oldrel-macos-x86_64 0.1.19 NOTE
r-oldrel-windows-ix86+x86_64 0.1.19 93.00 124.00 217.00 OK

Check Details

Version: 0.1.19
Check: dependencies in R code
Result: NOTE
    Namespaces in Imports field not imported from:
     ‘MASS’ ‘MatrixModels’
     All declared Imports should be used.
Flavors: r-devel-linux-x86_64-fedora-clang, r-devel-linux-x86_64-fedora-gcc, r-patched-solaris-x86, r-release-macos-x86_64, r-oldrel-macos-x86_64