CRAN Package Check Results for Package BcDiag

Last updated on 2020-12-01 00:46:36 CET.

Flavor Version Tinstall Tcheck Ttotal Status Flags
r-devel-linux-x86_64-debian-clang 1.0.10 6.65 59.41 66.06 NOTE
r-devel-linux-x86_64-debian-gcc 1.0.10 5.29 48.30 53.59 NOTE
r-devel-linux-x86_64-fedora-clang 1.0.10 86.84 NOTE
r-devel-linux-x86_64-fedora-gcc 1.0.10 78.09 NOTE
r-devel-windows-ix86+x86_64 1.0.10 11.00 85.00 96.00 OK
r-patched-linux-x86_64 1.0.10 6.55 58.41 64.96 NOTE
r-patched-solaris-x86 1.0.10 132.40 NOTE
r-release-linux-x86_64 1.0.10 6.55 59.51 66.06 NOTE
r-release-macos-x86_64 1.0.10 OK
r-release-windows-ix86+x86_64 1.0.10 12.00 66.00 78.00 OK
r-oldrel-macos-x86_64 1.0.10 OK
r-oldrel-windows-ix86+x86_64 1.0.10 8.00 83.00 91.00 OK

Check Details

Version: 1.0.10
Check: for non-standard things in the check directory
Result: NOTE
    Found the following files/directories:
     'fabiabreast.txt'
Flavors: r-devel-linux-x86_64-debian-clang, r-devel-linux-x86_64-debian-gcc, r-devel-linux-x86_64-fedora-clang, r-devel-linux-x86_64-fedora-gcc, r-patched-linux-x86_64, r-patched-solaris-x86, r-release-linux-x86_64