Last updated on 2020-12-01 00:46:37 CET.
Flavor | Version | Tinstall | Tcheck | Ttotal | Status | Flags |
---|---|---|---|---|---|---|
r-devel-linux-x86_64-debian-clang | 1.30.10 | 3.10 | 40.80 | 43.90 | OK | |
r-devel-linux-x86_64-debian-gcc | 1.30.10 | 2.29 | 31.40 | 33.69 | OK | |
r-devel-linux-x86_64-fedora-clang | 1.30.10 | 55.41 | NOTE | |||
r-devel-linux-x86_64-fedora-gcc | 1.30.10 | 109.60 | NOTE | |||
r-devel-windows-ix86+x86_64 | 1.30.10 | 8.00 | 66.00 | 74.00 | OK | |
r-patched-linux-x86_64 | 1.30.10 | 3.09 | 38.39 | 41.48 | OK | |
r-patched-solaris-x86 | 1.30.10 | 64.50 | OK | |||
r-release-linux-x86_64 | 1.30.10 | 3.09 | 40.04 | 43.13 | OK | |
r-release-macos-x86_64 | 1.30.10 | OK | ||||
r-release-windows-ix86+x86_64 | 1.30.10 | 7.00 | 50.00 | 57.00 | WARN | |
r-oldrel-macos-x86_64 | 1.30.10 | NOTE | ||||
r-oldrel-windows-ix86+x86_64 | 1.30.10 | 5.00 | 57.00 | 62.00 | WARN |
Version: 1.30.10
Check: package dependencies
Result: NOTE
Package suggested but not available for checking: ‘BiocVersion’
Flavors: r-devel-linux-x86_64-fedora-clang, r-devel-linux-x86_64-fedora-gcc
Version: 1.30.10
Check: re-building of vignette outputs
Result: WARN
Error(s) in re-building vignettes:
--- re-building 'BiocManager.Rmd' using rmarkdown
Quitting from lines 18-19 (BiocManager.Rmd)
Error: processing vignette 'BiocManager.Rmd' failed with diagnostics:
argument is of length zero
--- failed re-building 'BiocManager.Rmd'
SUMMARY: processing the following file failed:
'BiocManager.Rmd'
Error: Vignette re-building failed.
Execution halted
Flavors: r-release-windows-ix86+x86_64, r-oldrel-windows-ix86+x86_64
Version: 1.30.10
Check: package dependencies
Result: NOTE
Packages suggested but not available for checking:
'BiocStyle', 'BiocVersion'
Flavor: r-oldrel-macos-x86_64