CRAN Package Check Results for Package CLVTools

Last updated on 2020-12-01 00:46:38 CET.

Flavor Version Tinstall Tcheck Ttotal Status Flags
r-devel-linux-x86_64-debian-clang 0.7.0 323.40 493.26 816.66 OK
r-devel-linux-x86_64-debian-gcc 0.7.0 261.35 370.05 631.40 OK
r-devel-linux-x86_64-fedora-clang 0.7.0 810.77 NOTE
r-devel-linux-x86_64-fedora-gcc 0.7.0 711.84 OK
r-devel-windows-ix86+x86_64 0.7.0 585.00 546.00 1131.00 OK
r-patched-linux-x86_64 0.7.0 326.98 446.73 773.71 OK
r-patched-solaris-x86 0.7.0 649.60 OK
r-release-linux-x86_64 0.7.0 328.01 441.67 769.68 OK
r-release-macos-x86_64 0.7.0 NOTE
r-release-windows-ix86+x86_64 0.7.0 460.00 422.00 882.00 OK
r-oldrel-macos-x86_64 0.7.0 NOTE
r-oldrel-windows-ix86+x86_64 0.7.0 473.00 536.00 1009.00 OK

Check Details

Version: 0.7.0
Check: installed package size
Result: NOTE
     installed size is 9.7Mb
     sub-directories of 1Mb or more:
     libs 8.4Mb
Flavors: r-devel-linux-x86_64-fedora-clang, r-release-macos-x86_64, r-oldrel-macos-x86_64