CRAN Package Check Results for Package CME.assistant

Last updated on 2020-12-01 00:46:38 CET.

Flavor Version Tinstall Tcheck Ttotal Status Flags
r-devel-linux-x86_64-debian-clang 1.1.0 18.58 116.64 135.22 OK
r-devel-linux-x86_64-debian-gcc 1.1.0 13.80 87.85 101.65 OK
r-devel-linux-x86_64-fedora-clang 1.1.0 160.16 NOTE
r-devel-linux-x86_64-fedora-gcc 1.1.0 152.04 NOTE
r-devel-windows-ix86+x86_64 1.1.0 27.00 113.00 140.00 OK
r-patched-linux-x86_64 1.1.0 16.06 111.47 127.53 OK
r-patched-solaris-x86 1.1.0 176.30 NOTE
r-release-linux-x86_64 1.1.0 16.04 110.71 126.75 OK
r-release-macos-x86_64 1.1.0 NOTE
r-release-windows-ix86+x86_64 1.1.0 22.00 88.00 110.00 OK
r-oldrel-macos-x86_64 1.1.0 NOTE
r-oldrel-windows-ix86+x86_64 1.1.0 15.00 6.00 21.00 ERROR

Check Details

Version: 1.1.0
Check: dependencies in R code
Result: NOTE
    Namespaces in Imports field not imported from:
     ‘ggforce’ ‘readr’
     All declared Imports should be used.
Flavors: r-devel-linux-x86_64-fedora-clang, r-devel-linux-x86_64-fedora-gcc, r-patched-solaris-x86, r-release-macos-x86_64, r-oldrel-macos-x86_64

Version: 1.1.0
Check: whether package can be installed
Result: ERROR
    Installation failed.
Flavor: r-oldrel-windows-ix86+x86_64