Last updated on 2020-12-01 00:46:38 CET.
Flavor | Version | Tinstall | Tcheck | Ttotal | Status | Flags |
---|---|---|---|---|---|---|
r-devel-linux-x86_64-debian-clang | 0.1.0 | 55.81 | 45.23 | 101.04 | OK | |
r-devel-linux-x86_64-debian-gcc | 0.1.0 | 45.13 | 35.19 | 80.32 | OK | |
r-devel-linux-x86_64-fedora-clang | 0.1.0 | 124.76 | NOTE | |||
r-devel-linux-x86_64-fedora-gcc | 0.1.0 | 103.07 | NOTE | |||
r-devel-windows-ix86+x86_64 | 0.1.0 | 93.00 | 197.00 | 290.00 | OK | |
r-patched-linux-x86_64 | 0.1.0 | 55.32 | 43.96 | 99.28 | OK | |
r-patched-solaris-x86 | 0.1.0 | 116.60 | NOTE | |||
r-release-linux-x86_64 | 0.1.0 | 53.70 | 44.30 | 98.00 | OK | |
r-release-macos-x86_64 | 0.1.0 | NOTE | ||||
r-release-windows-ix86+x86_64 | 0.1.0 | 66.00 | 144.00 | 210.00 | OK | |
r-oldrel-macos-x86_64 | 0.1.0 | NOTE | ||||
r-oldrel-windows-ix86+x86_64 | 0.1.0 | 81.00 | 192.00 | 273.00 | OK |
Version: 0.1.0
Check: dependencies in R code
Result: NOTE
Namespaces in Imports field not imported from:
‘bench’ ‘ggplot2’
All declared Imports should be used.
Flavors: r-devel-linux-x86_64-fedora-clang, r-devel-linux-x86_64-fedora-gcc, r-patched-solaris-x86, r-release-macos-x86_64, r-oldrel-macos-x86_64