CRAN Package Check Results for Package ChemoSpec2D

Last updated on 2020-12-01 00:46:38 CET.

Flavor Version Tinstall Tcheck Ttotal Status Flags
r-devel-linux-x86_64-debian-clang 0.4.176 6.79 52.35 59.14 OK
r-devel-linux-x86_64-debian-gcc 0.4.176 5.16 39.91 45.07 OK
r-devel-linux-x86_64-fedora-clang 0.4.176 77.27 NOTE
r-devel-linux-x86_64-fedora-gcc 0.4.176 67.79 OK
r-devel-windows-ix86+x86_64 0.4.176 11.00 76.00 87.00 OK
r-patched-linux-x86_64 0.4.176 6.61 50.47 57.08 OK
r-patched-solaris-x86 0.4.176 99.40 OK
r-release-linux-x86_64 0.4.176 6.34 50.27 56.61 OK
r-release-macos-x86_64 0.4.176 OK
r-release-windows-ix86+x86_64 0.4.176 11.00 57.00 68.00 OK
r-oldrel-macos-x86_64 0.4.176 OK
r-oldrel-windows-ix86+x86_64 0.4.176 8.00 73.00 81.00 OK

Check Details

Version: 0.4.176
Check: Rd cross-references
Result: NOTE
    Undeclared package ‘CMLS’ in Rd xrefs
Flavor: r-devel-linux-x86_64-fedora-clang