Last updated on 2020-12-01 00:46:39 CET.
Flavor | Version | Tinstall | Tcheck | Ttotal | Status | Flags |
---|---|---|---|---|---|---|
r-devel-linux-x86_64-debian-clang | 3.0.1 | 24.25 | 476.30 | 500.55 | OK | |
r-devel-linux-x86_64-debian-gcc | 3.0.1 | 15.75 | 359.09 | 374.84 | OK | |
r-devel-linux-x86_64-fedora-clang | 3.0.1 | 610.98 | OK | |||
r-devel-linux-x86_64-fedora-gcc | 3.0.1 | 583.08 | OK | |||
r-devel-windows-ix86+x86_64 | 3.0.1 | 33.00 | 800.00 | 833.00 | NOTE | |
r-patched-linux-x86_64 | 3.0.1 | 24.03 | 502.06 | 526.09 | OK | |
r-patched-solaris-x86 | 3.0.1 | 945.60 | OK | |||
r-release-linux-x86_64 | 3.0.1 | 20.39 | 502.82 | 523.21 | OK | |
r-release-macos-x86_64 | 3.0.1 | NOTE | ||||
r-release-windows-ix86+x86_64 | 3.0.1 | 23.00 | 667.00 | 690.00 | NOTE | |
r-oldrel-macos-x86_64 | 3.0.1 | OK | ||||
r-oldrel-windows-ix86+x86_64 | 3.0.1 | 26.00 | 837.00 | 863.00 | NOTE |
Version: 3.0.1
Check: package dependencies
Result: NOTE
Package which this enhances but not available for checking: 'doMC'
Flavors: r-devel-windows-ix86+x86_64, r-release-windows-ix86+x86_64, r-oldrel-windows-ix86+x86_64
Version: 3.0.1
Check: package dependencies
Result: NOTE
Package suggested but not available for checking: ‘ggtree’
Flavor: r-release-macos-x86_64