Last updated on 2020-12-01 00:46:39 CET.
Flavor | Version | Tinstall | Tcheck | Ttotal | Status | Flags |
---|---|---|---|---|---|---|
r-devel-linux-x86_64-debian-clang | 1.0.0 | 60.00 | 92.32 | 152.32 | OK | |
r-devel-linux-x86_64-debian-gcc | 1.0.0 | 39.64 | 71.82 | 111.46 | OK | |
r-devel-linux-x86_64-fedora-clang | 1.0.0 | 185.18 | NOTE | |||
r-devel-linux-x86_64-fedora-gcc | 1.0.0 | 174.94 | NOTE | |||
r-devel-windows-ix86+x86_64 | 1.0.0 | 80.00 | 115.00 | 195.00 | NOTE | |
r-patched-linux-x86_64 | 1.0.0 | 60.89 | 90.49 | 151.38 | OK | |
r-patched-solaris-x86 | 1.0.0 | 221.90 | NOTE | |||
r-release-linux-x86_64 | 1.0.0 | 59.61 | 90.95 | 150.56 | OK | |
r-release-macos-x86_64 | 1.0.0 | NOTE | ||||
r-release-windows-ix86+x86_64 | 1.0.0 | 87.00 | 83.00 | 170.00 | NOTE | |
r-oldrel-macos-x86_64 | 1.0.0 | NOTE | ||||
r-oldrel-windows-ix86+x86_64 | 1.0.0 | 65.00 | 106.00 | 171.00 | NOTE |
Version: 1.0.0
Check: installed package size
Result: NOTE
installed size is 6.8Mb
sub-directories of 1Mb or more:
data 6.4Mb
Flavors: r-devel-linux-x86_64-fedora-clang, r-devel-windows-ix86+x86_64, r-patched-solaris-x86, r-release-macos-x86_64, r-release-windows-ix86+x86_64, r-oldrel-macos-x86_64, r-oldrel-windows-ix86+x86_64
Version: 1.0.0
Check: dependencies in R code
Result: NOTE
Namespace in Imports field not imported from: ‘grDevices’
All declared Imports should be used.
Flavors: r-devel-linux-x86_64-fedora-clang, r-devel-linux-x86_64-fedora-gcc, r-patched-solaris-x86, r-release-macos-x86_64, r-oldrel-macos-x86_64