CRAN Package Check Results for Package DataEntry

Last updated on 2020-12-01 00:46:39 CET.

Flavor Version Tinstall Tcheck Ttotal Status Flags
r-devel-linux-x86_64-debian-clang 0.9-3 8.86 54.54 63.40 NOTE
r-devel-linux-x86_64-debian-gcc 0.9-3 6.41 44.11 50.52 NOTE
r-devel-linux-x86_64-fedora-clang 0.9-3 85.77 NOTE
r-devel-linux-x86_64-fedora-gcc 0.9-3 73.87 OK
r-devel-windows-ix86+x86_64 0.9-3 14.00 69.00 83.00 OK
r-patched-linux-x86_64 0.9-3 9.15 52.35 61.50 NOTE
r-patched-solaris-x86 0.9-3 116.40 OK
r-release-linux-x86_64 0.9-3 9.31 51.90 61.21 NOTE
r-release-macos-x86_64 0.9-3 OK
r-release-windows-ix86+x86_64 0.9-3 15.00 55.00 70.00 OK
r-oldrel-macos-x86_64 0.9-3 ERROR
r-oldrel-windows-ix86+x86_64 0.9-3 10.00 63.00 73.00 OK

Check Details

Version: 0.9-3
Check: R code for possible problems
Result: NOTE
    Found the following assignments to the global environment:
    File 'DataEntry/R/Export.R':
     assign(svalue(edObnm), d, envir = .GlobalEnv)
Flavors: r-devel-linux-x86_64-debian-clang, r-devel-linux-x86_64-debian-gcc, r-devel-linux-x86_64-fedora-clang, r-patched-linux-x86_64, r-release-linux-x86_64

Version: 0.9-3
Check: package dependencies
Result: ERROR
    Package required but not available: ‘gWidgets2RGtk2’
    
    See section ‘The DESCRIPTION file’ in the ‘Writing R Extensions’
    manual.
Flavor: r-oldrel-macos-x86_64