CRAN Package Check Results for Package DatabionicSwarm

Last updated on 2020-12-01 00:46:39 CET.

Flavor Version Tinstall Tcheck Ttotal Status Flags
r-devel-linux-x86_64-debian-clang 1.1.3 199.98 86.98 286.96 OK
r-devel-linux-x86_64-debian-gcc 1.1.3 161.51 66.39 227.90 OK
r-devel-linux-x86_64-fedora-clang 1.1.3 351.66 NOTE
r-devel-linux-x86_64-fedora-gcc 1.1.3 308.22 OK
r-devel-windows-ix86+x86_64 1.1.3 347.00 151.00 498.00 NOTE
r-patched-linux-x86_64 1.1.3 198.37 86.71 285.08 OK
r-patched-solaris-x86 1.1.3 328.40 OK
r-release-linux-x86_64 1.1.3 207.66 92.55 300.21 OK
r-release-macos-x86_64 1.1.3 NOTE
r-release-windows-ix86+x86_64 1.1.3 256.00 123.00 379.00 NOTE
r-oldrel-macos-x86_64 1.1.3 NOTE
r-oldrel-windows-ix86+x86_64 1.1.3 282.00 165.00 447.00 NOTE

Check Details

Version: 1.1.3
Check: installed package size
Result: NOTE
     installed size is 8.0Mb
     sub-directories of 1Mb or more:
     doc 3.4Mb
     libs 4.3Mb
Flavors: r-devel-linux-x86_64-fedora-clang, r-devel-windows-ix86+x86_64, r-release-macos-x86_64, r-release-windows-ix86+x86_64, r-oldrel-macos-x86_64, r-oldrel-windows-ix86+x86_64