CRAN Package Check Results for Package Deducer

Last updated on 2020-12-01 00:46:39 CET.

Flavor Version Tinstall Tcheck Ttotal Status Flags
r-devel-linux-x86_64-debian-clang 0.7-9 25.96 174.73 200.69 OK
r-devel-linux-x86_64-debian-gcc 0.7-9 16.14 130.96 147.10 OK
r-devel-linux-x86_64-fedora-clang 0.7-9 213.02 OK
r-devel-linux-x86_64-fedora-gcc 0.7-9 204.81 OK
r-devel-windows-ix86+x86_64 0.7-9 41.00 185.00 226.00 OK
r-patched-linux-x86_64 0.7-9 19.46 158.73 178.19 OK
r-patched-solaris-x86 0.7-9 286.40 NOTE
r-release-linux-x86_64 0.7-9 19.91 163.02 182.93 OK
r-release-macos-x86_64 0.7-9 OK
r-release-windows-ix86+x86_64 0.7-9 33.00 139.00 172.00 OK
r-oldrel-macos-x86_64 0.7-9 OK
r-oldrel-windows-ix86+x86_64 0.7-9 23.00 6.00 29.00 ERROR

Check Details

Version: 0.7-9
Check: package dependencies
Result: NOTE
    Package suggested but not available for checking: ‘XLConnect’
Flavor: r-patched-solaris-x86

Version: 0.7-9
Check: whether package can be installed
Result: ERROR
    Installation failed.
Flavor: r-oldrel-windows-ix86+x86_64