Last updated on 2020-12-01 00:46:40 CET.
Flavor | Version | Tinstall | Tcheck | Ttotal | Status | Flags |
---|---|---|---|---|---|---|
r-devel-linux-x86_64-debian-clang | 0.1.1 | 7.31 | 47.01 | 54.32 | OK | |
r-devel-linux-x86_64-debian-gcc | 0.1.1 | 4.35 | 37.92 | 42.27 | OK | |
r-devel-linux-x86_64-fedora-clang | 0.1.1 | 71.22 | NOTE | |||
r-devel-linux-x86_64-fedora-gcc | 0.1.1 | 61.13 | NOTE | |||
r-devel-windows-ix86+x86_64 | 0.1.1 | 10.00 | 70.00 | 80.00 | OK | |
r-patched-linux-x86_64 | 0.1.1 | 6.11 | 44.42 | 50.53 | OK | |
r-patched-solaris-x86 | 0.1.1 | 89.30 | NOTE | |||
r-release-linux-x86_64 | 0.1.1 | 6.18 | 45.71 | 51.89 | OK | |
r-release-macos-x86_64 | 0.1.1 | NOTE | ||||
r-release-windows-ix86+x86_64 | 0.1.1 | 9.00 | 57.00 | 66.00 | OK | |
r-oldrel-macos-x86_64 | 0.1.1 | NOTE | ||||
r-oldrel-windows-ix86+x86_64 | 0.1.1 | 15.00 | 68.00 | 83.00 | OK |
Version: 0.1.1
Check: installed package size
Result: NOTE
installed size is 5.1Mb
sub-directories of 1Mb or more:
extdata 4.8Mb
Flavors: r-devel-linux-x86_64-fedora-clang, r-patched-solaris-x86
Version: 0.1.1
Check: dependencies in R code
Result: NOTE
Namespace in Imports field not imported from: ‘hms’
All declared Imports should be used.
Flavors: r-devel-linux-x86_64-fedora-clang, r-devel-linux-x86_64-fedora-gcc, r-patched-solaris-x86, r-release-macos-x86_64, r-oldrel-macos-x86_64