CRAN Package Check Results for Package EFAtools

Last updated on 2020-12-01 00:46:40 CET.

Flavor Version Tinstall Tcheck Ttotal Status Flags
r-devel-linux-x86_64-debian-clang 0.3.0 127.21 590.08 717.29 OK
r-devel-linux-x86_64-debian-gcc 0.3.0 104.91 451.21 556.12 OK
r-devel-linux-x86_64-fedora-clang 0.3.0 666.86 NOTE
r-devel-linux-x86_64-fedora-gcc 0.3.0 630.94 NOTE
r-devel-windows-ix86+x86_64 0.3.0 219.00 696.00 915.00 OK
r-patched-linux-x86_64 0.3.0 132.62 484.83 617.45 OK
r-patched-solaris-x86 0.3.0 982.90 NOTE
r-release-linux-x86_64 0.3.0 123.10 509.96 633.06 OK
r-release-macos-x86_64 0.3.0 NOTE
r-release-windows-ix86+x86_64 0.3.0 164.00 515.00 679.00 OK
r-oldrel-macos-x86_64 0.3.0 NOTE
r-oldrel-windows-ix86+x86_64 0.3.0 175.00 723.00 898.00 OK

Check Details

Version: 0.3.0
Check: installed package size
Result: NOTE
     installed size is 5.9Mb
     sub-directories of 1Mb or more:
     doc 1.0Mb
     libs 3.9Mb
Flavors: r-devel-linux-x86_64-fedora-clang, r-release-macos-x86_64, r-oldrel-macos-x86_64

Version: 0.3.0
Check: dependencies in R code
Result: NOTE
    Namespace in Imports field not imported from: ‘progress’
     All declared Imports should be used.
Flavors: r-devel-linux-x86_64-fedora-clang, r-devel-linux-x86_64-fedora-gcc, r-patched-solaris-x86, r-release-macos-x86_64, r-oldrel-macos-x86_64